ultiple of 16?
True
Does 98 divide 19992?
True
Is 49 a factor of 6094?
False
Does 5 divide 238?
False
Does 13 divide 15444?
True
Does 35 divide 420?
True
Does 10 divide 26554?
False
Is 44 a factor of 1848?
True
Is 232 a multiple of 25?
False
Is 22 a factor of 1237?
False
Is 17 a factor of 1139?
True
Is 1080 a multiple of 135?
True
Is 588 a multiple of 98?
True
Does 40 divide 27004?
False
Is 32 a factor of 14780?
False
Is 16 a factor of 55340?
False
Does 124 divide 10664?
True
Does 26 divide 338?
True
Is 167 a factor of 42366?
False
Does 76 divide 4636?
True
Is 3516 a multiple of 11?
False
Is 183 a factor of 79422?
True
Is 3 a factor of 2734?
False
Does 24 divide 71?
False
Is 17 a factor of 20213?
True
Does 54 divide 5602?
False
Is 26 a factor of 21130?
False
Is 28 a factor of 9016?
True
Is 294 even?
True
Does 8 divide 341?
False
Does 29 divide 23374?
True
Does 11 divide 10670?
True
Does 53 divide 752?
False
Is 20 a factor of 11360?
True
Is 8688 a multiple of 16?
True
Does 60 divide 5640?
True
Is 11 a factor of 1419?
True
Does 9 divide 12348?
True
Is 11160 a multiple of 36?
True
Does 65 divide 14560?
True
Is 16 a factor of 1608?
False
Is 1302 a multiple of 210?
False
Is 1560 a multiple of 104?
True
Does 167 divide 18897?
False
Is 24 a factor of 7368?
True
Does 31 divide 4991?
True
Does 24 divide 48?
True
Does 62 divide 13144?
True
Is 7 a factor of 5187?
True
Is 22 a factor of 23776?
False
Is 30968 a multiple of 316?
True
Is 32 a factor of 17642?
False
Is 3496 a multiple of 20?
False
Does 271 divide 10514?
False
Is 1590 a multiple of 10?
True
Is 4 a factor of 6412?
True
Is 15 a factor of 1605?
True
Is 800 a multiple of 32?
True
Does 12 divide 79?
False
Is 81430 a multiple of 64?
False
Is 26 a multiple of 26?
True
Is 196 a multiple of 14?
True
Is 11 a factor of 3722?
False
Is 2310 a multiple of 21?
True
Is 9 a factor of 107460?
True
Is 72 a multiple of 24?
True
Is 23023 a multiple of 144?
False
Does 4 divide 94?
False
Is 364 a multiple of 52?
True
Does 14 divide 1194?
False
Is 24 a factor of 2256?
True
Does 59 divide 3186?
True
Is 39269 a multiple of 107?
True
Does 9 divide 6887?
False
Does 52 divide 1144?
True
Is 6 a factor of 876?
True
Is 33272 a multiple of 10?
False
Is 68112 a multiple of 88?
True
Does 17 divide 12322?
False
Is 46 a factor of 230?
True
Is 56 a factor of 840?
True
Is 79 a factor of 49722?
False
Is 38 a factor of 2534?
False
Is 1268 a multiple of 7?
False
Does 4 divide 478?
False
Does 32 divide 832?
True
Is 53 a factor of 7208?
True
Is 34 a factor of 2822?
True
Is 170 a multiple of 13?
False
Is 1917 a multiple of 9?
True
Does 27 divide 30394?
False
Does 15 divide 630?
True
Is 30 a factor of 836?
False
Is 96 a factor of 4203?
False
Is 15 a factor of 1260?
True
Is 4 a factor of 260?
True
Does 90 divide 12150?
True
Is 39 a factor of 7680?
False
Does 28 divide 1377?
False
Does 13 divide 1590?
False
Is 773 a multiple of 46?
False
Is 67 a multiple of 2?
False
Is 329 a factor of 107254?
True
Is 30 a factor of 4560?
True
Is 159 a factor of 14025?
False
Is 4980 a multiple of 48?
False
Is 19 a factor of 1178?
True
Is 53534 a multiple of 40?
False
Is 15 a factor of 300?
True
Does 37 divide 13126?
False
Is 6920 a multiple of 31?
False
Does 15 divide 1575?
True
Does 25 divide 19875?
True
Does 3 divide 16240?
False
Is 10 a factor of 937?
False
Does 104 divide 59454?
False
Does 14 divide 173?
False
Is 46 a factor of 7774?
True
Is 9 a factor of 110?
False
Does 10 divide 5480?
True
Is 47 a factor of 37092?
False
Is 3010 a multiple of 70?
True
Does 23 divide 69391?
True
Does 6 divide 1410?
True
Does 3 divide 33?
True
Is 4 a factor of 40992?
True
Is 288 a factor of 12960?
True
Is 9482 a multiple of 11?
True
Is 3936 a multiple of 34?
False
Does 4 divide 948?
True
Is 381 a multiple of 12?
False
Is 2867 a multiple of 4?
False
Is 58 a factor of 9976?
True
Is 401 a multiple of 20?
False
Is 6663 a multiple of 2?
False
Does 120 divide 122?
False
Does 4 divide 584?
True
Does 21 divide 1481?
False
Does 80 divide 1833?
False
Is 9880 a multiple of 95?
True
Is 465 even?
False
Is 15 a factor of 1150?
False
Is 5 a factor of 15944?
False
Does 28 divide 1232?
True
Is 4536 a multiple of 7?
True
Is 4431 a multiple of 94?
False
Does 7 divide 93?
False
Does 10 divide 1164?
False
Does 41 divide 984?
True
Does 4 divide 1484?
True
Does 7 divide 210?
True
Is 22033 a multiple of 12?
False
Is 1856 a multiple of 108?
False
Is 40196 a multiple of 26?
True
Is 3331 a multiple of 25?
False
Does 9 divide 1063?
False
Does 90 divide 15480?
True
Is 950 a multiple of 10?
True
Is 16 a factor of 6016?
True
Is 2 a factor of 298?
True
Does 7 divide 294?
True
Is 1884 a multiple of 6?
True
Is 12 a factor of 4952?
False
Is 19 a factor of 628?
False
Does 143 divide 9028?
False
Is 46 a factor of 3174?
True
Is 14248 a multiple of 65?
False
Is 378 a multiple of 15?
False
Does 318 divide 38918?
False
Does 52 divide 3755?
False
Does 23 divide 391?
True
Is 37 a factor of 3627?
False
Is 6850 a multiple of 5?
True
Is 62666 a multiple of 15?
False
Does 111 divide 5217?
True
Is 8712 a multiple of 11?
True
Is 21 a factor of 612?
False
Does 53 divide 14783?
False
Does 53 divide 418?
False
Does 12 divide 8628?
True
Is 51 a factor of 907?
False
Is 13396 a multiple of 6?
False
Does 20 divide 3160?
True
Is 16 a factor of 40?
False
Is 71774 a multiple of 17?
True
Is 11 a factor of 8195?
True
Is 13 a factor of 123?
False
Is 16 a factor of 6688?
True
Does 74 divide 1332?
True
Does 4 divide 47084?
True
Is 5 a factor of 90?
True
Is 6315 even?
False
Is 60 a factor of 52280?
False
Is 27963 a multiple of 111?
False
Does 24 divide 1328?
False
Is 14 a factor of 18886?
True
Does 22 divide 1760?
True
Does 18 divide 21939?
False
Is 14 a factor of 21576?
False
Is 197 a multiple of 3?
False
Is 3591 a multiple of 21?
True
Does 20 divide 6400?
True
Is 460 a multiple of 10?
True
Is 28 a factor of 73556?
True
Is 103 a factor of 2017?
False
Is 134714 a multiple of 15?
False
Is 7368 a multiple of 8?
True
Is 504 a multiple of 28?
True
Is 283 even?
False
Does 43 divide 1591?
True
Does 17 divide 1354?
False
Does 11 divide 396?
True
Does 21 divide 29442?
True
Is 94 a factor of 2077?
False
Is 192 a multiple of 23?
False
Is 5 a factor of 31580?
True
Does 23 divide 92?
True
Does 16 divide 528?
True
Is 3444 a multiple of 12?
True
Is 97 a factor of 55581?
True
Is 1863 a multiple of 27?
True
Is 24330 a multiple of 5?
True
Is 2 a factor of 71?
False
Is 107 a factor of 18939?
True
Is 1272 a multiple of 25?
False
Does 7 divide 74098?
False
Is 42693 a multiple of 57?
True
Is 21104 a multiple of 16?
True
Does 2 divide 1828?
True
Does 25 divide 64500?
True
Does 14 divide 470?
False
Is 14 a factor of 10962?
True
Is 1232 a multiple of 56?
True
Is 10 a factor of 15460?
True
Is 7103 a multiple of 37?
False
Is 23 a factor of 139978?
True
Is 7630 a multiple of 14?
True
Does 72 divide 17290?
False
Is 30840 a multiple of 24?
True
Does 105 divide 20580?
True
Is 12484 a multiple of 7?
False
Does 61 divide 2269?
False
Does 15 divide 17738?
False
Is 14513 a multiple of 156?
False
Is 15 a factor of 288?
False
Is 56 a multiple of 28?
True
Does 48 divide 1248?
True
Is 423 a multiple of 9?
True
Does 42 divide 630?
True
Is 2215 a multiple of 74?
False
Is 1016 a multiple of 56?
False
Is 11449 a multiple of 20?
False
Does 2 divide 249?
False
Does 12 divide 3156?
True
Is 10179 a multiple of 29?
True
Is 150018 a multiple of 30?
False
Is 22933 a multiple of 261?
False
Is 60 a factor of 18772?
False
Does 35 divide 175?
True
Is 37 a factor of 6401?
True
Is 21 a factor of 3024?
True
Is 587 a multiple of 56?
False
Is 920 a multiple of 16?
False
Is 72 a factor of 8640?
True
Is 900 a multiple of 23?
False
Is 3 a factor of 834?
True
Does 10 divide 9030?
True
Does 9 divide 142?
False
Does 279 divide 25110?
True
Is 71 a factor of 3195?
True
Is 81534 a multiple of 64?
False
Is 22 a factor of 1298?
True
Is 3570 a multiple of 102?
True
Is 3906 a multiple of 62?
True
Is 699 a multiple of 13?
False
Is 550 a multiple of 55?
True
Does 55 divide 1446?
False
Does 89 divide 4596?
False
Is 1445 a multiple of 64?
False
Is 20 a factor of 15697?
False
Does 166 divide 87648?
True
Is 3926 a multiple of 3?
False
Is 4235 a multiple of 36?
False
Does 29 divide 87?
True
Is 96 a factor o